nder when 21283835 is divided by 29357?
10
What is the remainder when 434367 is divided by 64?
63
Calculate the remainder when 66936 is divided by 3045.
2991
Calculate the remainder when 18996528 is divided by 60886.
96
Calculate the remainder when 27463 is divided by 503.
301
What is the remainder when 11491432 is divided by 153219?
7
What is the remainder when 3062201 is divided by 2978?
817
What is the remainder when 1730174 is divided by 7120?
14
Calculate the remainder when 66794 is divided by 16698.
2
Calculate the remainder when 435952 is divided by 3343.
1362
Calculate the remainder when 11130 is divided by 659.
586
What is the remainder when 650705 is divided by 5664?
5009
What is the remainder when 14051334 is divided by 317?
309
Calculate the remainder when 22291176 is divided by 7430356.
108
What is the remainder when 689939 is divided by 53?
38
What is the remainder when 186830194 is divided by 161?
159
Calculate the remainder when 20547902 is divided by 3050.
52
Calculate the remainder when 26283952 is divided by 1642746.
16
Calculate the remainder when 2372255 is divided by 14.
11
Calculate the remainder when 78309 is divided by 345.
339
What is the remainder when 11547030 is divided by 5773502?
26
Calculate the remainder when 56298800 is divided by 389.
386
Calculate the remainder when 386590 is divided by 1145.
725
What is the remainder when 105679 is divided by 1820?
119
Calculate the remainder when 11057 is divided by 2976.
2129
What is the remainder when 17048005 is divided by 17814?
7
What is the remainder when 3158189 is divided by 1063?
16
What is the remainder when 8437752 is divided by 191761?
268
What is the remainder when 351504 is divided by 2445?
1869
Calculate the remainder when 13099968 is divided by 3274992.
0
Calculate the remainder when 7251397 is divided by 181.
175
Calculate the remainder when 61588569 is divided by 446.
429
What is the remainder when 7493071 is divided by 535218?
19
Calculate the remainder when 28334409 is divided by 63530.
29
Calculate the remainder when 845734 is divided by 524.
522
Calculate the remainder when 1554112 is divided by 89.
83
Calculate the remainder when 1621624 is divided by 7648.
248
What is the remainder when 1155192 is divided by 788?
772
What is the remainder when 45202260 is divided by 13?
12
Calculate the remainder when 568463 is divided by 2182.
1143
What is the remainder when 31465336 is divided by 5244222?
4
What is the remainder when 156851 is divided by 39161?
207
What is the remainder when 1192571 is divided by 397145?
1136
What is the remainder when 373141 is divided by 773?
555
What is the remainder when 5196247 is divided by 207849?
22
Calculate the remainder when 148884259 is divided by 18.
13
Calculate the remainder when 186676 is divided by 322.
238
Calculate the remainder when 40908510 is divided by 18731.
6
Calculate the remainder when 99585 is divided by 230.
225
What is the remainder when 219474 is divided by 73122?
108
Calculate the remainder when 760047 is divided by 3.
0
What is the remainder when 246502 is divided by 82090?
232
Calculate the remainder when 1039250 is divided by 345331.
3257
What is the remainder when 779464 is divided by 448?
392
What is the remainder when 87140 is divided by 28788?
776
Calculate the remainder when 80137938 is divided by 838.
836
What is the remainder when 42714112 is divided by 17?
14
What is the remainder when 314826430 is divided by 24?
22
What is the remainder when 603178 is divided by 151?
84
What is the remainder when 74905310 is divided by 19?
14
Calculate the remainder when 4618204 is divided by 5370.
4
What is the remainder when 1552056 is divided by 77596?
136
Calculate the remainder when 74911 is divided by 4373.
570
What is the remainder when 53597445 is divided by 4466448?
69
What is the remainder when 9442261 is divided by 944224?
21
Calculate the remainder when 325468 is divided by 64947.
733
What is the remainder when 21913 is divided by 948?
109
Calculate the remainder when 72700 is divided by 8065.
115
What is the remainder when 535113 is divided by 13365?
513
What is the remainder when 94076 is divided by 4289?
4007
Calculate the remainder when 40268 is divided by 39891.
377
Calculate the remainder when 20917587 is divided by 15.
12
Calculate the remainder when 4146511 is divided by 2815.
16
What is the remainder when 52907 is divided by 52874?
33
Calculate the remainder when 28749592 is divided by 3593697.
16
What is the remainder when 288937 is divided by 1049?
462
Calculate the remainder when 4666163 is divided by 99.
95
What is the remainder when 2679480 is divided by 223213?
924
Calculate the remainder when 81568 is divided by 1186.
920
What is the remainder when 40277 is divided by 19272?
1733
What is the remainder when 15777833 is divided by 90?
23
What is the remainder when 40470 is divided by 8232?
7542
What is the remainder when 72249670 is divided by 29?
27
What is the remainder when 181622 is divided by 90670?
282
Calculate the remainder when 8967663 is divided by 324.
315
What is the remainder when 4343362 is divided by 108583?
42
What is the remainder when 10912 is divided by 106?
100
What is the remainder when 108253 is divided by 56?
5
Calculate the remainder when 36874 is divided by 34848.
2026
Calculate the remainder when 181068 is divided by 37.
27
What is the remainder when 248777 is divided by 248675?
102
What is the remainder when 47013 is divided by 984?
765
Calculate the remainder when 103455 is divided by 2351.
11
Calculate the remainder when 31626 is divided by 436.
234
Calculate the remainder when 25359237 is divided by 362274.
57
Calculate the remainder when 6331467 is divided by 1147.
27
Calculate the remainder when 192984 is divided by 41.
38
What is the remainder when 1855867 is divided by 3697?
3670
What is the remainder when 530150926 is divided by 5144?
5142
What is the remainder when 2020770 is divided by 621?
36
Calculate the remainder when 65287168 is divided by 6602.
6592
What is the remainder when 12680492 is divided by 12680454?
38
Calculate the remainder when 175090 is divided by 3886.
220
What is the remainder when 21668670 is divided by 477?
468
Calculate the remainder when 560743 is divided by 13347.
169
Calculate the remainder when 573237 is divided by 37.
33
Calculate the remainder when 127333241 is divided by 672.
665
What is the remainder when 2828987 is divided by 355?
347
What is the remainder when 48277089 is divided by 944?
929
What is the remainder when 3373096 is divided by 165?
1
Calculate the remainder when 38331326 is divided by 68084.
34
Calculate the remainder when 2908727 is divided by 513.
17
Calculate the remainder when 100221 is divided by 24996.
237
What is the remainder when 69741189 is divided by 544853?
5
What is the remainder when 3467436 is divided by 385269?
15
Calculate the remainder when 794113 is divided by 198404.
497
What is the remainder when 907767 is divided by 24?
15
What is the remainder when 2904127 is divided by 87999?
160
What is the remainder when 2166665 is divided by 1083138?
389
Calculate the remainder when 406937 is divided by 313.
37
What is the remainder when 12243946 is divided by 12243869?
77
What is the remainder when 11318698 is divided by 116?
114
Calculate the remainder when 189505 is divided by 366.
283
What is the remainder when 812915 is divided by 380?
95
Calculate the remainder when 188000 is divided by 618.
128
Calculate the remainder when 5266089 is divided by 5991.
0
Calculate the remainder when 4343015 is divided by 4233.
4190
Calculate the remainder when 23371969 is divided by 1746.
13
What is the remainder when 652456 is divided by 184?
176
What is the remainder when 6077801 is divided by 379862?
9
What is the remainder when 6961253 is divided by 62?
17
Calculate the remainder when 270758 is divided by 135362.
34
What is the remainder when 2828840 is divided by 1285?
555
Calculate the remainder when 30845252 is divided by 467352.
20
What is the remainder when 769900 is divided by 111?
4
What is the remainder when 20549033 is divided by 2935571?
36
What is the remainder when 7474447 is divided by 12075?
22
What is the remainder when 8469920 is divided by 17?
10
What is the remainder when